n divisor of 35 and 147?
7
Calculate the highest common divisor of 54 and 36.
18
Calculate the highest common factor of 30 and 255.
15
What is the greatest common factor of 242 and 594?
22
What is the greatest common factor of 201 and 192?
3
What is the highest common divisor of 5885 and 22?
11
Calculate the greatest common factor of 174 and 65424.
174
Calculate the greatest common factor of 360 and 90.
90
What is the greatest common factor of 7 and 469?
7
What is the greatest common divisor of 136800 and 380?
380
Calculate the highest common factor of 30 and 10.
10
Calculate the greatest common factor of 54 and 68.
2
Calculate the greatest common divisor of 720 and 1740.
60
What is the highest common factor of 6 and 418?
2
Calculate the greatest common divisor of 93 and 6.
3
What is the greatest common factor of 752 and 64?
16
Calculate the greatest common divisor of 149 and 447.
149
What is the highest common factor of 6 and 36?
6
Calculate the greatest common divisor of 2071 and 38.
19
What is the highest common divisor of 8 and 104?
8
Calculate the highest common divisor of 546 and 702.
78
Calculate the greatest common factor of 341 and 1643.
31
Calculate the highest common divisor of 135 and 720.
45
What is the greatest common divisor of 414 and 27?
9
What is the greatest common factor of 51 and 29121?
51
Calculate the highest common divisor of 1272 and 24.
24
What is the highest common divisor of 15 and 375?
15
Calculate the greatest common factor of 9030 and 84.
42
Calculate the highest common divisor of 20 and 20.
20
Calculate the greatest common factor of 99 and 3993.
33
Calculate the highest common divisor of 1208 and 52.
4
What is the greatest common factor of 12 and 96?
12
What is the highest common divisor of 16772 and 28?
28
Calculate the highest common divisor of 830 and 20.
10
What is the greatest common divisor of 16 and 588?
4
What is the greatest common divisor of 393 and 12707?
131
Calculate the greatest common divisor of 24 and 35652.
12
Calculate the highest common factor of 350 and 7525.
175
Calculate the highest common divisor of 33 and 231.
33
Calculate the greatest common factor of 24 and 516.
12
What is the greatest common factor of 3843 and 126?
63
Calculate the highest common factor of 3524 and 8.
4
What is the greatest common factor of 133 and 16093?
133
Calculate the greatest common divisor of 251 and 84587.
251
Calculate the highest common divisor of 70519 and 194.
97
Calculate the highest common divisor of 770 and 1190.
70
What is the highest common factor of 246 and 168?
6
Calculate the greatest common divisor of 4248 and 72.
72
Calculate the greatest common factor of 520 and 920.
40
Calculate the greatest common factor of 488 and 183.
61
What is the highest common factor of 25 and 30?
5
What is the greatest common factor of 531 and 236?
59
What is the greatest common divisor of 28 and 812?
28
Calculate the highest common divisor of 28 and 21.
7
Calculate the highest common factor of 32 and 1312.
32
What is the highest common factor of 1564 and 828?
92
Calculate the highest common factor of 12779 and 13.
13
Calculate the greatest common factor of 22 and 26.
2
Calculate the greatest common factor of 2 and 239.
1
What is the highest common divisor of 296 and 848?
8
What is the greatest common divisor of 45 and 1665?
45
What is the greatest common divisor of 453 and 3?
3
Calculate the highest common factor of 18 and 738.
18
Calculate the highest common factor of 4 and 284.
4
What is the greatest common factor of 1 and 32?
1
What is the highest common divisor of 123 and 12?
3
What is the greatest common factor of 116 and 5452?
116
Calculate the greatest common divisor of 18 and 306.
18
What is the highest common factor of 762 and 6?
6
Calculate the highest common divisor of 935 and 2365.
55
What is the highest common divisor of 25 and 20?
5
What is the highest common divisor of 423 and 45?
9
What is the highest common factor of 35 and 26845?
35
What is the highest common factor of 658 and 896?
14
Calculate the greatest common divisor of 5508 and 816.
204
Calculate the greatest common divisor of 5265 and 65.
65
Calculate the greatest common divisor of 263 and 1.
1
Calculate the greatest common divisor of 10 and 1535.
5
What is the greatest common divisor of 2067 and 13?
13
What is the highest common divisor of 106 and 1961?
53
Calculate the greatest common divisor of 714 and 672.
42
Calculate the greatest common divisor of 12 and 98.
2
What is the greatest common factor of 19 and 437?
19
What is the greatest common factor of 171 and 1767?
57
What is the greatest common factor of 12500 and 25?
25
What is the greatest common factor of 13 and 2119?
13
Calculate the highest common divisor of 18 and 738.
18
What is the greatest common divisor of 960 and 180?
60
What is the greatest common factor of 231 and 56?
7
Calculate the greatest common factor of 99 and 4257.
99
What is the greatest common divisor of 39 and 5499?
39
Calculate the greatest common divisor of 4472 and 26.
26
What is the highest common factor of 576 and 2432?
64
What is the highest common divisor of 473 and 172?
43
What is the highest common factor of 633 and 6?
3
Calculate the greatest common factor of 43 and 688.
43
What is the greatest common divisor of 96 and 4980?
12
What is the highest common divisor of 808 and 303?
101
What is the greatest common factor of 645 and 172?
43
Calculate the greatest common divisor of 165 and 66.
33
Calculate the highest common divisor of 395 and 1343.
79
Calculate the highest common factor of 5491 and 19.
19
What is the highest common factor of 2850 and 84?
6
Calculate the greatest common factor of 10 and 1810.
10
Calculate the highest common factor of 6 and 16.
2
What is the greatest common factor of 39 and 3?
3
Calculate the highest common divisor of 522 and 198.
18
Calculate the greatest common factor of 63 and 21.
21
What is the greatest common divisor of 61 and 3416?
61
What is the greatest common factor of 12 and 196?
4
What is the highest common factor of 530 and 30?
10
Calculate the greatest common divisor of 164 and 20.
4
Calculate the greatest common factor of 303 and 7.
1
What is the highest common divisor of 1464 and 12?
12
Calculate the highest common divisor of 2800 and 35.
35
Calculate the highest common factor of 9800 and 140.
140
Calculate the greatest common factor of 221 and 17.
17
What is the highest common factor of 860 and 43?
43
Calculate the highest common factor of 5246 and 1098.
122
What is the greatest common factor of 236 and 45548?
236
What is the greatest common factor of 304 and 336?
16
What is the greatest common factor of 104 and 442?
26
Calculate the greatest common factor of 159 and 15.
3
Calculate the greatest common factor of 46 and 391.
23
What is the greatest common factor of 161 and 7?
7
What is the highest common factor of 1141 and 7?
7
Calculate the greatest common divisor of 28 and 28.
28
What is the highest common factor of 704 and 33?
11
What is the highest common divisor of 2282 and 42?
14
What is the highest common factor of 406 and 14?
14
Calculate the greatest common factor of 10 and 5505.
5
What is the greatest common divisor of 36 and 2940?
12
What is the greatest common divisor of 20 and 12?
4
Calculate the highest common divisor of 3 and 192.
3
What is the highest common divisor of 3 and 141?
3
What is the greatest common factor of 322 and 506?
46
Calculate the greatest common factor of 60 and 570.
30
Calculate the highest common divisor of 13 and 46891.
13
What is the highest common divisor of 64 and 4480?
64
What is the greatest common divisor of 102 and 4726?
34
Calculate the highest common divisor of 36 and 1392.
12
Calculate the highest common factor of 1316 and 28.
28
What is the greatest common divisor of 806 and 4402?
62
Calculate the greatest common divisor of 473 and 33.
11
What is the highest common divisor of 22425 and 25?
25
What is the greatest common factor of 73 and 219?
73
What is the highest common factor of 162 and 2835?
81
What is the highest common divisor of 581 and 14027?
83
Calculate the highest common divisor of 18 and 834.
6
Calculate the greatest common divisor of 49 and 28.
7
Calculate the highest common factor of 183 and 305.
61
Ca